mmon divisor of 6 and 71436.
6
What is the greatest common divisor of 46 and 2602013?
23
What is the greatest common factor of 153 and 32249?
17
What is the greatest common factor of 583 and 9729104?
583
Calculate the greatest common factor of 1892 and 550.
22
Calculate the highest common factor of 95 and 31070.
5
Calculate the greatest common factor of 78 and 6462.
6
What is the greatest common divisor of 364 and 7084?
28
What is the highest common divisor of 19436 and 41132?
452
What is the highest common factor of 2579566 and 22?
22
Calculate the greatest common factor of 2 and 96833.
1
Calculate the highest common factor of 399737 and 31525.
1261
Calculate the highest common divisor of 48110 and 7820.
170
What is the greatest common factor of 14496 and 2636460?
1812
What is the greatest common factor of 43868 and 77?
11
What is the greatest common divisor of 688 and 2512?
16
What is the highest common divisor of 687 and 106943?
229
Calculate the highest common factor of 602 and 114079.
301
Calculate the greatest common factor of 16138 and 8.
2
Calculate the highest common divisor of 81105 and 15.
15
Calculate the highest common factor of 83542 and 6.
2
What is the greatest common divisor of 102985 and 215?
215
Calculate the greatest common factor of 35118 and 18.
18
What is the highest common factor of 746 and 46?
2
What is the greatest common divisor of 22404 and 24?
12
What is the highest common factor of 348 and 2748?
12
Calculate the highest common factor of 270 and 5310.
90
Calculate the highest common factor of 540 and 6885.
135
Calculate the greatest common divisor of 24 and 1261032.
24
What is the greatest common divisor of 50 and 86?
2
What is the highest common divisor of 1143736 and 82?
82
What is the highest common divisor of 593960 and 62?
62
What is the highest common divisor of 32 and 197552?
16
What is the highest common factor of 635315 and 610?
305
Calculate the greatest common factor of 120 and 2564880.
120
What is the highest common divisor of 513807 and 1806?
903
Calculate the highest common divisor of 972 and 104760.
108
Calculate the highest common divisor of 745362 and 43.
43
Calculate the highest common factor of 123196 and 2.
2
Calculate the greatest common divisor of 64323 and 7.
7
Calculate the greatest common factor of 238 and 7771414.
238
What is the highest common divisor of 16 and 120272?
16
Calculate the greatest common factor of 5102625 and 250.
125
Calculate the highest common factor of 121903 and 417.
139
What is the highest common divisor of 8 and 1220852?
4
What is the greatest common divisor of 135969 and 732?
183
Calculate the greatest common divisor of 1981 and 483.
7
Calculate the highest common factor of 264 and 7495752.
264
What is the highest common divisor of 2486 and 16498?
226
What is the greatest common factor of 706275 and 50?
25
Calculate the greatest common divisor of 28379 and 221.
13
What is the greatest common factor of 2950 and 339545?
295
What is the greatest common divisor of 147 and 2352?
147
What is the highest common factor of 24752 and 28496?
208
What is the highest common divisor of 4078508 and 112?
28
Calculate the greatest common divisor of 173700 and 11900.
100
What is the highest common factor of 6419 and 111377?
49
Calculate the greatest common factor of 176778 and 168.
42
What is the highest common divisor of 6 and 33132?
6
Calculate the greatest common divisor of 11415 and 135.
15
What is the greatest common factor of 132 and 2192?
4
What is the greatest common divisor of 3278 and 13772?
22
What is the greatest common factor of 634 and 103?
1
What is the greatest common factor of 572793 and 1053?
39
What is the highest common factor of 96544 and 672?
224
What is the greatest common divisor of 3 and 4047?
3
What is the highest common factor of 93782 and 26?
26
Calculate the highest common factor of 113810 and 570.
190
What is the greatest common divisor of 71094 and 2890?
578
Calculate the greatest common divisor of 36 and 5589882.
18
Calculate the highest common factor of 212 and 69059.
53
Calculate the highest common factor of 11 and 1246069.
11
Calculate the greatest common factor of 80880 and 45.
15
What is the highest common divisor of 4511 and 585?
13
Calculate the highest common divisor of 47847 and 492.
123
Calculate the highest common divisor of 4816 and 6149.
43
Calculate the greatest common factor of 511 and 46063.
73
Calculate the greatest common divisor of 2002 and 70.
14
Calculate the highest common factor of 1159080 and 104.
104
What is the highest common divisor of 257594 and 296?
74
What is the greatest common factor of 9381 and 4425?
177
What is the greatest common divisor of 272 and 15164?
68
Calculate the highest common divisor of 1246 and 108313.
89
What is the highest common divisor of 18724 and 32705?
31
What is the greatest common divisor of 118672 and 96?
16
What is the highest common factor of 109 and 256259?
109
Calculate the greatest common divisor of 131 and 8777.
131
Calculate the greatest common factor of 5 and 936965.
5
Calculate the highest common divisor of 44 and 5710650.
22
Calculate the highest common factor of 231385 and 385.
385
What is the greatest common factor of 696 and 405?
3
What is the highest common divisor of 63 and 30492?
63
Calculate the highest common divisor of 99 and 25119.
9
Calculate the greatest common factor of 1397 and 6223.
127
What is the highest common divisor of 266 and 27139?
7
Calculate the greatest common divisor of 120 and 510.
30
Calculate the highest common divisor of 83 and 2484605.
83
Calculate the greatest common divisor of 8050 and 96025.
575
What is the greatest common divisor of 389675 and 2200?
275
What is the highest common factor of 7124 and 17536?
548
Calculate the highest common factor of 21152 and 91879.
661
Calculate the greatest common divisor of 7 and 5536377.
7
What is the greatest common factor of 5 and 648305?
5
What is the greatest common factor of 25104 and 128?
16
What is the greatest common divisor of 584 and 776?
8
What is the highest common factor of 105280 and 94?
94
What is the highest common factor of 70839 and 153?
153
Calculate the highest common divisor of 212 and 25.
1
What is the highest common factor of 87900 and 420?
60
Calculate the highest common factor of 472 and 2052728.
472
Calculate the greatest common divisor of 494 and 910.
26
What is the greatest common divisor of 190292 and 904?
452
What is the greatest common factor of 7294 and 201106?
1042
What is the greatest common factor of 42910 and 20?
10
Calculate the highest common divisor of 9462 and 16932.
498
Calculate the greatest common divisor of 5064 and 17091.
633
What is the highest common factor of 368622 and 54?
18
Calculate the greatest common divisor of 636759 and 973.
139
Calculate the highest common factor of 130916 and 874.
46
What is the greatest common divisor of 2605505 and 34?
17
Calculate the highest common divisor of 333939 and 99969.
2127
What is the greatest common divisor of 20685 and 7035?
105
Calculate the highest common divisor of 285 and 652215.
15
Calculate the highest common factor of 10 and 422.
2
What is the highest common divisor of 800 and 74350?
50
What is the greatest common factor of 3724 and 224?
28
What is the highest common divisor of 414302 and 98?
14
Calculate the greatest common divisor of 176693 and 11.
11
Calculate the highest common divisor of 15958 and 1422.
158
What is the greatest common factor of 21808 and 522?
58
Calculate the highest common factor of 26 and 114946.
26
What is the highest common factor of 3696119 and 196?
49
Calculate the greatest common divisor of 3 and 322994.
1
Calculate the greatest common factor of 720 and 3024.
144
What is the greatest common divisor of 1215 and 11520?
45
What is the greatest common factor of 240 and 798?
6
Calculate the highest common factor of 291438 and 162.
162
What is the highest common factor of 600 and 2085?
15
What is the greatest common factor of 50810 and 10?
10
Calculate the greatest common divisor of 73040 and 2880.
80
Calculate the highest common factor of 80 and 392.
8
What is the greatest common divisor of 369393 and 459?
51
What is the highest common factor of 1610 and 47656?
322
Calculate the highest common 